at is 601 + -3?
598
In base 14, what is 4a - 0?
4a
In base 8, what is 137 - -2?
141
In base 3, what is -10 + 1020102?
1020022
In base 4, what is 10 + 312?
322
In base 3, what is -20 + 102221?
102201
In base 8, what is 276 - -10?
306
In base 8, what is 17 + -4?
13
In base 15, what is 46a + -1?
469
In base 11, what is 2 - 2326?
-2324
In base 3, what is -101 - -12011?
11210
In base 15, what is -3 + -86?
-89
In base 9, what is -61442 + 4?
-61437
In base 15, what is -13 - 4?
-17
In base 7, what is 11 - -26?
40
In base 14, what is -1 - 30?
-31
In base 15, what is -27de + 4?
-27da
In base 3, what is 110 + 2?
112
In base 8, what is -5223 - -5?
-5216
In base 14, what is 2 - 102?
-100
In base 11, what is -89 - -2a?
-5a
In base 8, what is 2266 + -1?
2265
In base 8, what is -32 - -474?
442
In base 5, what is 4 - 4110?
-4101
In base 3, what is -1002 + -1012?
-2021
In base 2, what is -1001000 - -11?
-1000101
In base 3, what is -11122 - -11021?
-101
In base 7, what is 23 + 1442?
1465
In base 4, what is -1033212 - -1?
-1033211
In base 12, what is -11 - 741?
-752
In base 6, what is 0 + -1350?
-1350
In base 10, what is -285 - 19?
-304
In base 14, what is -b30 + 2?
-b2c
In base 5, what is -303 - -1041?
233
In base 5, what is 2 + -214?
-212
In base 13, what is -4 + -1450?
-1454
In base 2, what is -111 + 1101111?
1101000
In base 6, what is 2215 - 34?
2141
In base 10, what is 25 - 0?
25
In base 12, what is -3 - 28?
-2b
In base 8, what is 13 + -122?
-107
In base 5, what is 4 - 23340?
-23331
In base 10, what is 581 + 1?
582
In base 12, what is -5 - 97?
-a0
In base 5, what is -1140 + 10?
-1130
In base 14, what is -13 + 9?
-8
In base 11, what is -1 + -87?
-88
In base 11, what is -5 + -531?
-536
In base 12, what is 45 - -56?
9b
In base 2, what is 1000 - 101011001?
-101010001
In base 16, what is -1 - f1a?
-f1b
In base 7, what is -1226 - 5?
-1234
In base 6, what is -4 + -2215?
-2223
In base 4, what is -2 - 213?
-221
In base 3, what is -22 - -122?
100
In base 6, what is -4 + 41?
33
In base 3, what is -10 - 110?
-120
In base 4, what is -11 - 1232?
-1303
In base 4, what is 123 + -320?
-131
In base 5, what is -2 - 133?
-140
In base 12, what is -2 - 18?
-1a
In base 9, what is -66 + 2?
-64
In base 7, what is 20 - 6?
11
In base 9, what is 78 - -24?
113
In base 5, what is 0 - -122302?
122302
In base 12, what is -2 + -391?
-393
In base 13, what is 5 + -36b?
-366
In base 3, what is -12 - -10011002?
10010220
In base 4, what is -131 + 20?
-111
In base 16, what is 5c + 2?
5e
In base 10, what is -4 - 28?
-32
In base 6, what is 23 - 100?
-33
In base 2, what is -1 + -1100000?
-1100001
In base 9, what is 1033 - -2?
1035
In base 16, what is -b3 - 2?
-b5
In base 7, what is -125 - 330?
-455
In base 10, what is -628 - 1?
-629
In base 12, what is 1 - -28?
29
In base 15, what is -6 + -3a?
-41
In base 13, what is -1 - 43?
-44
In base 14, what is 67 - a?
5b
In base 5, what is 22422 + 2?
22424
In base 9, what is -486 + -4?
-501
In base 9, what is -20 + -5?
-25
In base 15, what is -22d - 4?
-232
In base 16, what is -76 + 31?
-45
In base 16, what is 4ce - 4?
4ca
In base 4, what is -1000012 + 2?
-1000010
In base 11, what is 38 + -4a?
-12
In base 2, what is 110 + 1011?
10001
In base 3, what is -1211 - -2?
-1202
In base 15, what is -181 - -2?
-17e
In base 6, what is -12500 - -2?
-12454
In base 4, what is 10022 + -10?
10012
In base 4, what is 10121210 - -1?
10121211
In base 8, what is 2 + 303?
305
In base 10, what is 0 - 29?
-29
In base 11, what is 2 + -33a?
-338
In base 13, what is 11 - ac?
-9b
In base 13, what is 378 - 1?
377
In base 2, what is 100011101 + 101?
100100010
In base 9, what is 8 - 807?
-788
In base 4, what is -11 - 13212?
-13223
In base 12, what is 5 - -a5?
aa
In base 8, what is -4 - 136?
-142
In base 13, what is -5 - 7?
-c
In base 6, what is -3 - -1201?
1154
In base 15, what is -2 - -7e?
7c
In base 8, what is -716 - -13?
-703
In base 16, what is 1 + -94?
-93
In base 16, what is 5 + 1af?
1b4
In base 3, what is -20 - -1101?
1011
In base 11, what is 1 - 43?
-42
In base 2, what is -10 - -1111000?
1110110
In base 5, what is -1 - -2233?
2232
In base 12, what is -1b - 0?
-1b
In base 10, what is 60322 + -5?
60317
In base 10, what is 64 - 8?
56
In base 14, what is 66 - 12?
54
In base 13, what is -305 - -1?
-304
In base 16, what is 1 - 121?
-120
In base 10, what is 2 + -2934?
-2932
In base 8, what is 1 - -432?
433
In base 9, what is -4 + 26?
22
In base 13, what is 0 - c3?
-c3
In base 16, what is 1bc - -2?
1be
In base 7, what is 522 - -65?
620
In base 5, what is -343 - 1?
-344
In base 13, what is -a94 - 4?
-a98
In base 14, what is -3b - -1?
-3a
In base 16, what is -9 - -6?
-3
In base 9, what is 24 - 17?
6
In base 12, what is -b2 - -4?
-aa
In base 3, what is -212010 - 2?
-212012
In base 11, what is -15686 - -4?
-15682
In base 13, what is -3 - -22?
1c
In base 15, what is -7a4 + -7?
-7ab
In base 14, what is 4 + 8?
c
In base 4, what is 1 + 3130?
3131
In base 8, what is -11 + -1?
-12
In base 11, what is -2a45 - -3?
-2a42
In base 9, what is 2 + -37?
-35
In base 8, what is -2 + -61?
-63
In base 5, what is -12 - -213?
201
In base 13, what is -164 - 2?
-166
In base 12, what is 376 + 3?
379
In base 5, what is 0 - 23113?
-23113
In base 6, what is -2 + 13003?
13001
In base 14, what is a - 10?
-4
In base 3, what is 110101201 + -11?
110101120
In base 2, what is 100 + 11010100?
11011000
In base 14, what is 25d + a?
269
In base 13, what is -3 + -33?
-36
In base 6, what is -45 + -133?
-222
In base 2, what is 110 + 0?
110
In base 5, what is 0 + 4434?
4434
In base 13, what is 9 - -131?
13a
In base 4, what is -220 - -10110?
3230
In base 6, what is 2 + 3504?
3510
In base 3, what is -112 - 1?
-120
In base 14, what is 1d + -2?
1b
In base 7, what is 35 + -43?
-5
In base 9, what is 1 + 4325?
4326
In base 15, what is c688 + -5?
c683
In base 5, what is 32 - 111?
-24
In base 10, what is 1241 - -5?
1246
In base 11, what is -7 - -104?
a8
In base 14, what is 7c + 0?
7c
In base 3, what is -2021 - 201?
-2222
In base 14, what is -23 - 5?
-28
In base 16, what is -4 - 101?
-105
In base 8, what is 5447 - -4?
5453
In base 13, what is -4 + 48?
44
In base 14, what is -1 + -6?
-7
In base 15, what is -1 - -120?
11e
In base 16, what is -6 + 10c?
106
In base 6, what is -5 - -52454?
52445
In base 11, what is 29 - 16?
13
In base 2, what is -101111011 + -1010?
-110000101
In base 13, what is 2 + 115?
117
In base 2, what is -10010110011 - 100?
-10010110111
In base 10, what is 1 - 2?
-1
In base 12, what is -3 + -1?
-4
In base 2, what is 1001 - -1100111?
1110000
In base 4, what is -3 + -322?
-331
In base 15, what is 58 - 1?
57
In base 12, what is 4 - -1004?
1008
In base 5, what is -10043 - -4?
-10034
In base 6, what is 1 + -140?
-135
In base 9, what is 75 + 3?
78
In base 5, what is -3313 + -1?
-3314
In base 4, what is -102 + -13?
-121
In base 8, what is 130 - -6?
136
In base 12, what is 1 - -3b?
40
In base 14, what is 2b - 2a?
1
In base 15, what is 4 + -2ca?
-2c6
In base 11, what is 0 - 111?
-111
In base 10, what is 4 - 95?
-91
In base 16, what is -4ff + -4?
-503
In base 5, what is 3 - 44?
-41
In base 13, what is 1a6 - -4?
1aa
In base 8, what is -40 - 20?
-60
In base 6, what is -115 + -52?
-211
In base 7, what is 145 - -31?
206
In base 3, what is 2222122 - -1?
2222200
In base 9, what is 2 + -54?
-52
In base 10, what is -571 + 5?
-566
In base 3, what is 122202 + 12?
122221
In base 14, what is 2 - 19a7?
-19a5
In base 9, what is -113 + 2?
-111
In base 7, what is -23 + 1?
-22
In base 5, what is -433 + 4?
-424
In base 14, what is -a2 - 2?
-a4
In base 11, what is -4 + -4a?
-53
In base 12, what is 2 + 169a?
16a0
In base 9, what is 1 - 63?
-62
In base 2, what is -11011 + 0?
-11011
In base 2, what is -101 + 10100010111?
10100010010
In base 4, what is -1103 - 1?
-1110
In base 5, what is -1 + 24132?
24131
In base 10, what is 1 - -15?
16
In base 9, what is 63 + -4?
58
In base 11, what is -2 - -139?
137
In base 15, what is 4 - 327?
-323
In base 6, what is -1142 + 5?
-1133
In base 6, what is -103 - 10?
-113
In base 6, what is 2 - -1251?
1253
In base 14, what is -16 + -221?
-237
In base 7, what is 13 - -132?
145
In base 12, what is 33 + -1?
32
In base 14, what is -2 + -182?
-184
In base 3, what is -100 + -201?
-1001
In base 10, what is -104 - 3?
-107
In base